{"id":688,"date":"2024-10-04T06:32:10","date_gmt":"2024-10-04T06:32:10","guid":{"rendered":"https:\/\/bamedical.com.mx\/?post_type=product&#038;p=688"},"modified":"2024-10-04T06:32:10","modified_gmt":"2024-10-04T06:32:10","slug":"ambu-spur-ii-con-valvula-de-seguridad-valvula-de-descarga-manometro-y-linea-de-muestreo-de-gas-para-adultos","status":"publish","type":"product","link":"https:\/\/bamedical.com.mx\/index.php\/producto\/ambu-spur-ii-con-valvula-de-seguridad-valvula-de-descarga-manometro-y-linea-de-muestreo-de-gas-para-adultos\/","title":{"rendered":"Ambu Spur II con v\u00e1lvula de seguridad, v\u00e1lvula de descarga, man\u00f3metro y l\u00ednea de muestreo de gas para adultos"},"content":{"rendered":"","protected":false},"excerpt":{"rendered":"","protected":false},"featured_media":689,"comment_status":"open","ping_status":"closed","template":"","meta":{"_et_pb_use_builder":"","_et_pb_old_content":"","_et_gb_content_width":""},"product_cat":[31],"product_tag":[],"class_list":{"0":"post-688","1":"product","2":"type-product","3":"status-publish","4":"has-post-thumbnail","6":"product_cat-via-respiratoria","8":"first","9":"instock","10":"shipping-taxable","11":"product-type-simple"},"_links":{"self":[{"href":"https:\/\/bamedical.com.mx\/index.php\/wp-json\/wp\/v2\/product\/688","targetHints":{"allow":["GET"]}}],"collection":[{"href":"https:\/\/bamedical.com.mx\/index.php\/wp-json\/wp\/v2\/product"}],"about":[{"href":"https:\/\/bamedical.com.mx\/index.php\/wp-json\/wp\/v2\/types\/product"}],"replies":[{"embeddable":true,"href":"https:\/\/bamedical.com.mx\/index.php\/wp-json\/wp\/v2\/comments?post=688"}],"wp:featuredmedia":[{"embeddable":true,"href":"https:\/\/bamedical.com.mx\/index.php\/wp-json\/wp\/v2\/media\/689"}],"wp:attachment":[{"href":"https:\/\/bamedical.com.mx\/index.php\/wp-json\/wp\/v2\/media?parent=688"}],"wp:term":[{"taxonomy":"product_cat","embeddable":true,"href":"https:\/\/bamedical.com.mx\/index.php\/wp-json\/wp\/v2\/product_cat?post=688"},{"taxonomy":"product_tag","embeddable":true,"href":"https:\/\/bamedical.com.mx\/index.php\/wp-json\/wp\/v2\/product_tag?post=688"}],"curies":[{"name":"wp","href":"https:\/\/api.w.org\/{rel}","templated":true}]}}