{"id":801,"date":"2024-10-04T14:20:54","date_gmt":"2024-10-04T14:20:54","guid":{"rendered":"https:\/\/bamedical.com.mx\/?post_type=product&#038;p=801"},"modified":"2024-10-04T14:20:54","modified_gmt":"2024-10-04T14:20:54","slug":"vias-respiratorias-nasofaringeas-de-neopreno-de-medsource-robertazzi-tamanos-de-20-fr-a-36-fr","status":"publish","type":"product","link":"https:\/\/bamedical.com.mx\/index.php\/producto\/vias-respiratorias-nasofaringeas-de-neopreno-de-medsource-robertazzi-tamanos-de-20-fr-a-36-fr\/","title":{"rendered":"V\u00edas respiratorias nasofar\u00edngeas de neopreno de Medsource Robertazzi: tama\u00f1os de 20 FR a 36 FR"},"content":{"rendered":"","protected":false},"excerpt":{"rendered":"","protected":false},"featured_media":802,"comment_status":"open","ping_status":"closed","template":"","meta":{"_et_pb_use_builder":"","_et_pb_old_content":"","_et_gb_content_width":""},"product_cat":[31],"product_tag":[],"class_list":{"0":"post-801","1":"product","2":"type-product","3":"status-publish","4":"has-post-thumbnail","6":"product_cat-via-respiratoria","8":"first","9":"instock","10":"shipping-taxable","11":"product-type-simple"},"_links":{"self":[{"href":"https:\/\/bamedical.com.mx\/index.php\/wp-json\/wp\/v2\/product\/801","targetHints":{"allow":["GET"]}}],"collection":[{"href":"https:\/\/bamedical.com.mx\/index.php\/wp-json\/wp\/v2\/product"}],"about":[{"href":"https:\/\/bamedical.com.mx\/index.php\/wp-json\/wp\/v2\/types\/product"}],"replies":[{"embeddable":true,"href":"https:\/\/bamedical.com.mx\/index.php\/wp-json\/wp\/v2\/comments?post=801"}],"wp:featuredmedia":[{"embeddable":true,"href":"https:\/\/bamedical.com.mx\/index.php\/wp-json\/wp\/v2\/media\/802"}],"wp:attachment":[{"href":"https:\/\/bamedical.com.mx\/index.php\/wp-json\/wp\/v2\/media?parent=801"}],"wp:term":[{"taxonomy":"product_cat","embeddable":true,"href":"https:\/\/bamedical.com.mx\/index.php\/wp-json\/wp\/v2\/product_cat?post=801"},{"taxonomy":"product_tag","embeddable":true,"href":"https:\/\/bamedical.com.mx\/index.php\/wp-json\/wp\/v2\/product_tag?post=801"}],"curies":[{"name":"wp","href":"https:\/\/api.w.org\/{rel}","templated":true}]}}